the ten millions digit of 271456692?
7
What is the tens digit of 33300908?
0
What is the hundreds digit of 191449037?
0
What is the tens digit of 43129346?
4
What is the ten millions digit of 1179452492?
7
What is the hundreds digit of 19486885?
8
What is the ten millions digit of 733962273?
3
What is the millions digit of 44296230?
4
What is the hundred thousands digit of 3373617338?
6
What is the hundred millions digit of 311607169?
3
What is the ten thousands digit of 1239495750?
9
What is the hundred thousands digit of 487694981?
6
What is the billions digit of 6407064840?
6
What is the ten thousands digit of 1235879630?
7
What is the hundred thousands digit of 5257430626?
4
What is the units digit of 4589116120?
0
What is the tens digit of 393705539?
3
What is the tens digit of 35786546?
4
What is the hundreds digit of 531325015?
0
What is the hundreds digit of 4013700474?
4
What is the thousands digit of 21460632?
0
What is the millions digit of 626392530?
6
What is the millions digit of 49549236?
9
What is the tens digit of 30778368?
6
What is the hundreds digit of 430161837?
8
What is the hundreds digit of 175016884?
8
What is the thousands digit of 1252225445?
5
What is the units digit of 65753126?
6
What is the ten millions digit of 372267035?
7
What is the hundred thousands digit of 55676693?
6
What is the millions digit of 414343737?
4
What is the hundred millions digit of 114272617?
1
What is the hundred thousands digit of 17487609?
4
What is the hundreds digit of 1123781432?
4
What is the hundred thousands digit of 89829033?
8
What is the millions digit of 5904111168?
4
What is the millions digit of 27985172?
7
What is the hundred thousands digit of 289560065?
5
What is the billions digit of 1603481450?
1
What is the millions digit of 90502416?
0
What is the hundreds digit of 901779627?
6
What is the tens digit of 85047633?
3
What is the hundred millions digit of 501244323?
5
What is the hundred thousands digit of 1267656448?
6
What is the hundred millions digit of 5991171951?
9
What is the thousands digit of 3495792400?
2
What is the units digit of 356849837?
7
What is the tens digit of 33477212?
1
What is the tens digit of 1692686941?
4
What is the ten thousands digit of 84193315?
9
What is the hundred millions digit of 1405412444?
4
What is the ten millions digit of 511608034?
1
What is the hundred millions digit of 479063014?
4
What is the thousands digit of 127652780?
2
What is the ten millions digit of 31640502?
3
What is the ten thousands digit of 4150934911?
3
What is the hundred millions digit of 1115136630?
1
What is the ten millions digit of 52551620?
5
What is the thousands digit of 70517041?
7
What is the tens digit of 4533932469?
6
What is the ten thousands digit of 1706690032?
9
What is the thousands digit of 356477249?
7
What is the tens digit of 1128992359?
5
What is the tens digit of 134739855?
5
What is the tens digit of 119643170?
7
What is the millions digit of 522082079?
2
What is the tens digit of 43387076?
7
What is the hundreds digit of 48359810?
8
What is the billions digit of 8096669682?
8
What is the tens digit of 613149886?
8
What is the millions digit of 650132906?
0
What is the hundred thousands digit of 48602567?
6
What is the thousands digit of 491327995?
7
What is the ten millions digit of 147037145?
4
What is the thousands digit of 1621158633?
8
What is the thousands digit of 42282351?
2
What is the hundred millions digit of 1476439640?
4
What is the hundred millions digit of 496523458?
4
What is the millions digit of 2320334277?
0
What is the millions digit of 10763537?
0
What is the tens digit of 14126885?
8
What is the hundred millions digit of 173380496?
1
What is the thousands digit of 27000411?
0
What is the ten millions digit of 33857551?
3
What is the thousands digit of 61597434?
7
What is the hundred thousands digit of 457914959?
9
What is the ten thousands digit of 705523903?
2
What is the millions digit of 97136341?
7
What is the units digit of 28087403?
3
What is the ten millions digit of 42258368?
4
What is the hundred thousands digit of 4044702?
0
What is the hundred thousands digit of 189848440?
8
What is the ten millions digit of 391559402?
9
What is the hundred thousands digit of 440453299?
4
What is the tens digit of 56036858?
5
What is the thousands digit of 2803429?
3
What is the thousands digit of 44705019?
5
What is the tens digit of 28875905?
0
What is the ten millions digit of 56242374?
5
What is the units digit of 125769174?
4
What is the ten millions digit of 126607751?
2
What is the ten thousands digit of 3746777610?
7
What is the tens digit of 19345618?
1
What is the ten thousands digit of 283658594?
5
What is the hundreds digit of 274619453?
4
What is the hundred thousands digit of 30485913?
4
What is the millions digit of 232272169?
2
What is the tens digit of 286666019?
1
What is the ten millions digit of 414374950?
1
What is the millions digit of 118535738?
8
What is the units digit of 638817398?
8
What is the hundred thousands digit of 93413919?
4
What is the hundred millions digit of 1296436377?
2
What is the millions digit of 3260485426?
0
What is the thousands digit of 1109342936?
2
What is the ten thousands digit of 296175?
9
What is the ten thousands digit of 606909226?
0
What is the ten millions digit of 1187724451?
8
What is the ten millions digit of 211387762?
1
What is the millions digit of 357420414?
7
What is the hundreds digit of 909586?
5
What is the thousands digit of 802570272?
0
What is the millions digit of 3641493751?
1
What is the ten thousands digit of 21685470?
8
What is the hundred thousands digit of 91505522?
5
What is the ten millions digit of 755033577?
5
What is the ten millions digit of 375949612?
7
What is the tens digit of 1166537505?
0
What is the ten millions digit of 11844455?
1
What is the millions digit of 506290062?
6
What is the tens digit of 266518397?
9
What is the hundred thousands digit of 608200883?
2
What is the thousands digit of 3893809190?
9
What is the hundred millions digit of 162068658?
1
What is the millions digit of 1669445891?
9
What is the hundred millions digit of 175057961?
1
What is the hundred millions digit of 2951404845?
9
What is the ten millions digit of 3088300427?
8
What is the ten thousands digit of 2878732897?
3
What is the ten millions digit of 678567802?
7
What is the hundred thousands digit of 5669746?
6
What is the thousands digit of 134268294?
8
What is the tens digit of 7448773?
7
What is the thousands digit of 100786967?
6
What is the hundreds digit of 4666470?
4
What is the tens digit of 29250862?
6
What is the thousands digit of 51616108?
6
What is the thousands digit of 467660128?
0
What is the hundred millions digit of 161938639?
1
What is the tens digit of 3153177128?
2
What is the millions digit of 1224885160?
4
What is the hundreds digit of 56974661?
6
What is the billions digit of 4414022442?
4
What is the ten millions digit of 340567851?
4
What is the hundred thousands digit of 135662538?
6
What is the hundred millions digit of 458028644?
4
What is the thousands digit of 30393487?
3
What is the tens digit of 73530252?
5
What is the tens digit of 11580352?
5
What is the tens digit of 16442018?
1
What is the millions digit of 230523314?
0
What is the hundred millions digit of 4276840823?
2
What is the billions digit of 1021944057?
1
What is the hundred thousands digit of 88997552?
9
What is the ten thousands digit of 65897967?
9
What is the ten millions digit of 314225266?
1
What is the ten millions digit of 4554439589?
5
What is the tens digit of 179899783?
8
What is the hundreds digit of 70420275?
2
What is the hundred millions digit of 151295731?
1
What is the hundred millions digit of 743609298?
7
What is the ten thousands digit of 107250662?
5
What is the thousands digit of 25944023?
4
What is the ten thousands digit of 23125344?
2
What is the millions digit of 1460498174?
0
What is the ten millions digit of 41504938?
4
What is the units digit of 3894843071?
1
What is the tens digit of 50138494?
9
What is the thousands digit of 1063891657?
1
What is the hundred millions digit of 148249890?
1
What is the tens digit of 1254875539?
3
What is the ten thousands digit of 47380894?
8